eatest common factor of 4025 and 1771?
161
What is the greatest common factor of 525 and 225?
75
Calculate the highest common divisor of 162 and 1206.
18
What is the greatest common divisor of 130 and 30?
10
What is the greatest common divisor of 30 and 60?
30
Calculate the greatest common divisor of 24 and 15.
3
What is the greatest common factor of 85 and 20?
5
What is the greatest common divisor of 3201 and 132?
33
What is the highest common factor of 300 and 1140?
60
What is the highest common factor of 8 and 33800?
8
What is the highest common divisor of 25 and 265?
5
Calculate the greatest common factor of 130 and 26.
26
Calculate the highest common factor of 984 and 369.
123
What is the greatest common divisor of 63 and 72?
9
What is the highest common divisor of 7095 and 110?
55
Calculate the greatest common factor of 153 and 36.
9
Calculate the highest common divisor of 62 and 248.
62
What is the highest common factor of 16 and 1008?
16
What is the greatest common factor of 59962 and 14?
14
What is the highest common divisor of 105 and 385?
35
What is the highest common divisor of 225 and 23550?
75
Calculate the greatest common divisor of 455 and 13.
13
What is the highest common factor of 93 and 124?
31
What is the highest common divisor of 128 and 18432?
128
What is the greatest common divisor of 46 and 16031?
23
Calculate the greatest common factor of 392 and 2016.
56
What is the highest common factor of 1173 and 102?
51
What is the highest common factor of 8138 and 26?
26
Calculate the greatest common divisor of 128 and 4.
4
What is the greatest common factor of 844 and 3587?
211
Calculate the highest common factor of 119 and 51.
17
What is the highest common divisor of 63 and 2709?
63
Calculate the highest common factor of 7986 and 132.
66
What is the greatest common factor of 432 and 27?
27
What is the highest common divisor of 96 and 1488?
48
What is the greatest common factor of 365 and 5?
5
What is the highest common factor of 18 and 1206?
18
Calculate the highest common factor of 14 and 1946.
14
Calculate the greatest common divisor of 9359 and 49.
49
Calculate the greatest common factor of 375 and 900.
75
Calculate the highest common factor of 407 and 22.
11
Calculate the highest common divisor of 3300 and 12.
12
What is the highest common factor of 4 and 212?
4
What is the highest common factor of 3384 and 144?
72
Calculate the highest common divisor of 28963 and 22.
11
Calculate the highest common divisor of 17 and 8721.
17
What is the greatest common factor of 135 and 480?
15
What is the greatest common factor of 180 and 20?
20
Calculate the highest common divisor of 902 and 82.
82
Calculate the greatest common divisor of 119 and 5117.
119
What is the greatest common divisor of 820 and 4?
4
Calculate the highest common divisor of 651 and 42.
21
Calculate the highest common divisor of 24 and 4680.
24
What is the highest common divisor of 553 and 35?
7
Calculate the highest common factor of 2867 and 188.
47
Calculate the greatest common divisor of 60 and 84.
12
What is the greatest common divisor of 15 and 3435?
15
What is the highest common divisor of 121 and 1?
1
What is the highest common factor of 616 and 10?
2
Calculate the greatest common divisor of 470 and 10.
10
Calculate the highest common divisor of 126 and 3717.
63
Calculate the highest common factor of 138 and 460.
46
Calculate the highest common divisor of 468 and 84.
12
What is the greatest common factor of 725 and 29?
29
What is the highest common divisor of 2420 and 352?
44
Calculate the greatest common divisor of 128 and 160.
32
Calculate the highest common divisor of 3666 and 156.
78
Calculate the greatest common divisor of 95 and 160.
5
What is the greatest common factor of 24 and 15384?
24
What is the greatest common divisor of 2775 and 75?
75
Calculate the greatest common divisor of 3440 and 120.
40
What is the highest common divisor of 8 and 148?
4
What is the greatest common divisor of 434 and 1550?
62
What is the highest common divisor of 576 and 1280?
64
Calculate the highest common divisor of 170 and 900.
10
What is the greatest common factor of 75 and 60?
15
Calculate the greatest common divisor of 320 and 256.
64
Calculate the greatest common divisor of 84 and 196.
28
What is the highest common factor of 198 and 22?
22
What is the highest common divisor of 5 and 245?
5
What is the highest common factor of 62 and 496?
62
What is the greatest common divisor of 1449 and 1890?
63
Calculate the greatest common divisor of 560 and 168.
56
What is the highest common factor of 667 and 161?
23
Calculate the greatest common factor of 4191 and 99.
33
What is the greatest common divisor of 295 and 225?
5
What is the highest common divisor of 154 and 28?
14
What is the highest common factor of 12 and 4?
4
What is the greatest common divisor of 204 and 1700?
68
What is the greatest common divisor of 1430 and 2080?
130
Calculate the highest common factor of 70 and 5120.
10
Calculate the greatest common divisor of 124 and 180.
4
What is the greatest common factor of 33432 and 21?
21
What is the highest common divisor of 16 and 20776?
8
Calculate the greatest common divisor of 35 and 315.
35
What is the highest common factor of 8 and 116?
4
What is the greatest common factor of 1407 and 21?
21
What is the greatest common divisor of 630 and 18?
18
Calculate the highest common divisor of 959 and 49.
7
What is the highest common divisor of 22 and 99?
11
Calculate the highest common factor of 500 and 600.
100
Calculate the highest common factor of 134 and 3.
1
What is the greatest common factor of 680 and 544?
136
What is the highest common divisor of 98 and 69629?
49
Calculate the highest common factor of 437 and 483.
23
Calculate the highest common factor of 12 and 126.
6
Calculate the highest common factor of 345 and 69.
69
What is the highest common divisor of 48 and 324?
12
What is the highest common divisor of 6148 and 319?
29
What is the highest common factor of 74 and 10138?
74
Calculate the highest common divisor of 130 and 494.
26
Calculate the greatest common factor of 24 and 256.
8
What is the greatest common factor of 9486 and 204?
102
Calculate the greatest common divisor of 1200 and 1950.
150
What is the greatest common divisor of 3 and 579?
3
What is the greatest common divisor of 46 and 16445?
23
What is the highest common factor of 16 and 464?
16
Calculate the greatest common factor of 2844 and 36.
36
Calculate the greatest common factor of 690 and 966.
138
What is the greatest common factor of 23385 and 15?
15
Calculate the greatest common divisor of 648 and 40.
8
What is the highest common factor of 11872 and 64?
32
Calculate the greatest common divisor of 86 and 6450.
86
What is the greatest common divisor of 60 and 10596?
12
What is the highest common factor of 224 and 320?
32
What is the highest common factor of 3033 and 45?
9
Calculate the greatest common factor of 7 and 4837.
7
Calculate the greatest common factor of 384 and 5568.
192
Calculate the greatest common divisor of 6 and 9.
3
What is the greatest common divisor of 84 and 462?
42
What is the greatest common divisor of 17 and 8789?
17
What is the highest common divisor of 850 and 102?
34
Calculate the highest common divisor of 69 and 483.
69
Calculate the highest common factor of 3068 and 1040.
52
What is the highest common factor of 43 and 387?
43
What is the greatest common divisor of 688 and 48?
16
Calculate the greatest common factor of 100 and 34150.
50
What is the greatest common factor of 225 and 475?
25
Calculate the highest common factor of 325 and 50.
25
What is the highest common divisor of 1078 and 110?
22
Calculate the highest common divisor of 280 and 70.
70
Calculate the greatest common factor of 114 and 57.
57
What is the highest common divisor of 43 and 301?
43
What is the highest common factor of 46 and 6647?
23
Calculate the greatest common divisor of 298 and 13708.
298
Calculate the greatest common divisor of 68 and 85.
17
What is the highest common divisor of 180 and 210?
30
What is the highest common divisor of 8 and 568?
8
Calculate the greatest common factor of 56 and 1148.
28
What is the highest common factor of 16 and 2032?
16
What is the greatest common